he hundreds digit of 1229?
2
What is the thousands digit of 24272?
4
What is the units digit of 560?
0
What is the tens digit of 3834?
3
What is the thousands digit of 62260?
2
What is the units digit of 130?
0
What is the tens digit of 21?
2
What is the hundreds digit of 124?
1
What is the thousands digit of 6672?
6
What is the thousands digit of 71789?
1
What is the ten thousands digit of 28497?
2
What is the ten thousands digit of 17467?
1
What is the hundreds digit of 66974?
9
What is the ten thousands digit of 31331?
3
What is the thousands digit of 2131?
2
What is the units digit of 9551?
1
What is the tens digit of 318?
1
What is the units digit of 1587?
7
What is the hundreds digit of 8542?
5
What is the thousands digit of 1477?
1
What is the tens digit of 11026?
2
What is the units digit of 383?
3
What is the units digit of 214?
4
What is the thousands digit of 11026?
1
What is the units digit of 1184?
4
What is the thousands digit of 36997?
6
What is the units digit of 17436?
6
What is the hundreds digit of 382?
3
What is the units digit of 1022?
2
What is the units digit of 1139?
9
What is the thousands digit of 5806?
5
What is the hundreds digit of 10897?
8
What is the hundreds digit of 9619?
6
What is the tens digit of 2008?
0
What is the thousands digit of 3933?
3
What is the hundreds digit of 114064?
0
What is the ten thousands digit of 10705?
1
What is the hundreds digit of 6093?
0
What is the hundreds digit of 34819?
8
What is the thousands digit of 9147?
9
What is the hundreds digit of 32706?
7
What is the tens digit of 496?
9
What is the tens digit of 700?
0
What is the units digit of 8451?
1
What is the hundreds digit of 3128?
1
What is the hundreds digit of 91781?
7
What is the thousands digit of 4601?
4
What is the units digit of 8680?
0
What is the hundreds digit of 1024?
0
What is the units digit of 34450?
0
What is the ten thousands digit of 101589?
0
What is the hundreds digit of 19953?
9
What is the hundreds digit of 535?
5
What is the thousands digit of 76544?
6
What is the units digit of 4431?
1
What is the thousands digit of 2019?
2
What is the units digit of 881?
1
What is the hundreds digit of 207?
2
What is the tens digit of 3801?
0
What is the tens digit of 1785?
8
What is the thousands digit of 3372?
3
What is the tens digit of 30142?
4
What is the tens digit of 9510?
1
What is the tens digit of 63164?
6
What is the units digit of 24?
4
What is the tens digit of 1896?
9
What is the hundreds digit of 5074?
0
What is the units digit of 1338?
8
What is the units digit of 1269?
9
What is the hundreds digit of 73677?
6
What is the thousands digit of 50404?
0
What is the ten thousands digit of 22252?
2
What is the hundreds digit of 4342?
3
What is the hundreds digit of 60405?
4
What is the thousands digit of 7945?
7
What is the hundreds digit of 1233?
2
What is the hundreds digit of 43551?
5
What is the tens digit of 1731?
3
What is the thousands digit of 3104?
3
What is the ten thousands digit of 65758?
6
What is the tens digit of 89?
8
What is the units digit of 83?
3
What is the hundreds digit of 35202?
2
What is the ten thousands digit of 19817?
1
What is the tens digit of 2380?
8
What is the tens digit of 663?
6
What is the tens digit of 2306?
0
What is the units digit of 2038?
8
What is the tens digit of 45649?
4
What is the ten thousands digit of 11817?
1
What is the hundreds digit of 772?
7
What is the thousands digit of 70904?
0
What is the units digit of 1966?
6
What is the thousands digit of 2017?
2
What is the units digit of 626?
6
What is the tens digit of 1591?
9
What is the thousands digit of 3178?
3
What is the units digit of 9191?
1
What is the thousands digit of 9364?
9
What is the units digit of 100682?
2
What is the thousands digit of 2326?
2
What is the thousands digit of 9552?
9
What is the tens digit of 32361?
6
What is the units digit of 985?
5
What is the thousands digit of 10049?
0
What is the tens digit of 464?
6
What is the units digit of 57201?
1
What is the tens digit of 27056?
5
What is the hundreds digit of 65654?
6
What is the hundreds digit of 575?
5
What is the thousands digit of 35341?
5
What is the units digit of 786?
6
What is the tens digit of 257?
5
What is the tens digit of 935?
3
What is the units digit of 6288?
8
What is the units digit of 6873?
3
What is the thousands digit of 1596?
1
What is the hundreds digit of 35037?
0
What is the ten thousands digit of 14466?
1
What is the units digit of 6189?
9
What is the tens digit of 65?
6
What is the units digit of 6080?
0
What is the tens digit of 1325?
2
What is the tens digit of 85?
8
What is the tens digit of 12021?
2
What is the hundreds digit of 1931?
9
What is the tens digit of 461?
6
What is the thousands digit of 1198?
1
What is the tens digit of 12230?
3
What is the tens digit of 4584?
8
What is the tens digit of 11907?
0
What is the thousands digit of 17580?
7
What is the tens digit of 9994?
9
What is the ten thousands digit of 26760?
2
What is the units digit of 80204?
4
What is the tens digit of 1443?
4
What is the ten thousands digit of 23112?
2
What is the units digit of 3815?
5
What is the thousands digit of 14448?
4
What is the ten thousands digit of 12088?
1
What is the hundreds digit of 30241?
2
What is the units digit of 373?
3
What is the hundreds digit of 37681?
6
What is the tens digit of 64500?
0
What is the ten thousands digit of 78825?
7
What is the units digit of 1966?
6
What is the units digit of 794?
4
What is the hundreds digit of 2468?
4
What is the thousands digit of 127455?
7
What is the thousands digit of 6488?
6
What is the hundreds digit of 4381?
3
What is the units digit of 105432?
2
What is the hundreds digit of 2374?
3
What is the thousands digit of 1126?
1
What is the thousands digit of 80022?
0
What is the tens digit of 5156?
5
What is the hundreds digit of 2587?
5
What is the hundreds digit of 2904?
9
What is the units digit of 9988?
8
What is the units digit of 2571?
1
What is the tens digit of 13622?
2
What is the tens digit of 11059?
5
What is the hundreds digit of 2753?
7
What is the tens digit of 1160?
6
What is the hundreds digit of 984?
9
What is the thousands digit of 27859?
7
What is the thousands digit of 12930?
2
What is the units digit of 1410?
0
What is the units digit of 16035?
5
What is the tens digit of 1157?
5
What is the thousands digit of 69341?
9
What is the hundreds digit of 1396?
3
What is the units digit of 492?
2
What is the hundred thousands digit of 196348?
1
What is the thousands digit of 11573?
1
What is the hundreds digit of 1753?
7
What is the hundreds digit of 100703?
7
What is the tens digit of 780?
8
What is the hundreds digit of 19404?
4
What is the units digit of 4659?
9
What is the hundreds digit of 58230?
2
What is the tens digit of 1749?
4
What is the tens digit of 2997?
9
What is the thousands digit of 3274?
3
What is the hundreds digit of 3769?
7
What is the units digit of 56120?
0
What is the units digit of 6224?
4
What is the units digit of 5496?
6
What is the thousands digit of 13905?
3
What is the thousands digit of 1632?
1
What is the tens digit of 607?
0
What is the tens digit of 1888?
8
What is the units digit of 86?
6
What is the thousands digit of 3077?
3
What is the units digit of 670?
0
What is the units digit of 28480?
0
What is the hundreds digit of 2609?
6
What is the hundreds digit of 323?
3
What is the hundreds digit of 5602?
6
What is the tens digit of 14759?
5
What is the thousands digit of 29527?
9
What is the thousands digit of 8791?
8
What is the units digit of 568?
8
What is the hundreds digit of 53484?
4
What is the hundreds digit of 2316?
3
What is the units digit of 10495?
5
What is the ten thousands digit of 42777?
4
What is the units digit of 80853?
3
What is the tens digit of 9242?
4
What is the tens digit of 132956?
5
What is the thousands digit of 25290?
5
What is the units digit of 22090?
0
What is the thousands digit of 89612?
9
What is the units digit of 12500?
0
What is the tens digit of 4206?
0
What is the tens digit of 4910?
1
What is the units digit of 28201?
1
What is the ten thousands digit of 21296?
2
What is the thousands digit of 7178?
7
What is the units digit of 96190?
0
What is the thousands digit o